 digit of 335083108?
8
What is the thousands digit of 415346351?
6
What is the thousands digit of 265870755?
0
What is the ten thousands digit of 39827426?
2
What is the millions digit of 15189249?
5
What is the millions digit of 51560918?
1
What is the hundred millions digit of 2631748045?
6
What is the ten thousands digit of 8885966?
8
What is the units digit of 3127211060?
0
What is the tens digit of 151208596?
9
What is the ten millions digit of 454966388?
5
What is the hundred thousands digit of 509145421?
1
What is the units digit of 85435244?
4
What is the units digit of 358979385?
5
What is the hundred millions digit of 1365199273?
3
What is the thousands digit of 179622224?
2
What is the millions digit of 1108476?
1
What is the hundred thousands digit of 1034228673?
2
What is the units digit of 50801799?
9
What is the units digit of 1745375085?
5
What is the millions digit of 106514773?
6
What is the tens digit of 254921208?
0
What is the thousands digit of 134146992?
6
What is the ten millions digit of 542793757?
4
What is the thousands digit of 1012524468?
4
What is the tens digit of 5668699?
9
What is the ten millions digit of 383861173?
8
What is the ten millions digit of 1698832905?
9
What is the ten millions digit of 15083151?
1
What is the tens digit of 72119643?
4
What is the hundred millions digit of 1315417112?
3
What is the ten thousands digit of 1080490891?
9
What is the units digit of 7761996476?
6
What is the ten millions digit of 988037285?
8
What is the hundred thousands digit of 91348323?
3
What is the ten thousands digit of 4920345453?
4
What is the thousands digit of 55763992?
3
What is the ten millions digit of 1009156496?
0
What is the tens digit of 4394095?
9
What is the ten millions digit of 38754501?
3
What is the ten millions digit of 258661446?
5
What is the hundred thousands digit of 5052916038?
9
What is the ten thousands digit of 240141597?
4
What is the units digit of 27206627?
7
What is the thousands digit of 45446880?
6
What is the thousands digit of 85614637?
4
What is the units digit of 1664984699?
9
What is the ten thousands digit of 168172799?
7
What is the millions digit of 54340208?
4
What is the units digit of 119497691?
1
What is the hundred thousands digit of 210530966?
5
What is the thousands digit of 1276994114?
4
What is the hundred thousands digit of 226685481?
6
What is the ten thousands digit of 52777708?
7
What is the hundred thousands digit of 3133864593?
8
What is the ten millions digit of 50507949?
5
What is the ten thousands digit of 1826668803?
6
What is the millions digit of 688522357?
8
What is the tens digit of 230985993?
9
What is the tens digit of 273614837?
3
What is the units digit of 493729239?
9
What is the millions digit of 5576837228?
6
What is the millions digit of 2030965536?
0
What is the hundred thousands digit of 1114034355?
0
What is the thousands digit of 700744540?
4
What is the ten millions digit of 17005601?
1
What is the ten millions digit of 46983954?
4
What is the units digit of 54586900?
0
What is the hundreds digit of 108068827?
8
What is the tens digit of 62016132?
3
What is the units digit of 41541038?
8
What is the tens digit of 46606745?
4
What is the hundred millions digit of 104928820?
1
What is the units digit of 189131536?
6
What is the billions digit of 4074073706?
4
What is the hundreds digit of 828346043?
0
What is the hundred thousands digit of 973085242?
0
What is the ten millions digit of 6823433691?
2
What is the millions digit of 10998603?
0
What is the ten thousands digit of 219632401?
3
What is the thousands digit of 1502768000?
8
What is the thousands digit of 703260217?
0
What is the hundred millions digit of 3617588272?
6
What is the hundred thousands digit of 209137678?
1
What is the tens digit of 76453046?
4
What is the units digit of 7214766?
6
What is the ten thousands digit of 58609010?
0
What is the hundred thousands digit of 217607121?
6
What is the millions digit of 8541447273?
1
What is the hundred thousands digit of 21613150?
6
What is the millions digit of 3860641718?
0
What is the millions digit of 54319583?
4
What is the ten millions digit of 1433057534?
3
What is the millions digit of 95311134?
5
What is the hundreds digit of 4657982861?
8
What is the thousands digit of 179102839?
2
What is the ten thousands digit of 5711582?
1
What is the tens digit of 269555893?
9
What is the ten millions digit of 369408645?
6
What is the hundred thousands digit of 1276725926?
7
What is the hundreds digit of 133159523?
5
What is the hundreds digit of 44598531?
5
What is the ten millions digit of 96349218?
9
What is the billions digit of 1600140099?
1
What is the tens digit of 2793628349?
4
What is the units digit of 5524941748?
8
What is the millions digit of 23671191?
3
What is the hundred millions digit of 188341125?
1
What is the millions digit of 70710161?
0
What is the tens digit of 139306121?
2
What is the millions digit of 74624504?
4
What is the hundred thousands digit of 3612864140?
8
What is the tens digit of 6008645?
4
What is the ten thousands digit of 497118801?
1
What is the millions digit of 2185486177?
5
What is the ten millions digit of 1298162606?
9
What is the millions digit of 340010427?
0
What is the millions digit of 31914851?
1
What is the hundreds digit of 671652464?
4
What is the units digit of 164709414?
4
What is the thousands digit of 35564655?
4
What is the ten millions digit of 135993376?
3
What is the hundred millions digit of 195882145?
1
What is the hundred thousands digit of 969841738?
8
What is the units digit of 47879569?
9
What is the millions digit of 87569949?
7
What is the ten thousands digit of 23687713?
8
What is the hundred thousands digit of 114283562?
2
What is the units digit of 4892518214?
4
What is the hundred thousands digit of 51725925?
7
What is the hundred thousands digit of 1427511149?
5
What is the hundred thousands digit of 276973018?
9
What is the millions digit of 382715337?
2
What is the hundred thousands digit of 711690665?
6
What is the hundred thousands digit of 160600196?
6
What is the ten millions digit of 12782336?
1
What is the thousands digit of 220481237?
1
What is the millions digit of 1465687811?
5
What is the millions digit of 121391393?
1
What is the tens digit of 141983877?
7
What is the thousands digit of 48967534?
7
What is the millions digit of 1522004501?
2
What is the thousands digit of 163282599?
2
What is the units digit of 3819460?
0
What is the millions digit of 155059486?
5
What is the millions digit of 103343893?
3
What is the hundred thousands digit of 340361269?
3
What is the tens digit of 356466430?
3
What is the hundreds digit of 588588240?
2
What is the hundred thousands digit of 144442008?
4
What is the hundred thousands digit of 782238410?
2
What is the tens digit of 2879926125?
2
What is the ten thousands digit of 837218615?
1
What is the hundreds digit of 412653512?
5
What is the thousands digit of 570981776?
1
What is the tens digit of 1569645223?
2
What is the units digit of 261715291?
1
What is the millions digit of 19901067?
9
What is the ten millions digit of 90459491?
9
What is the ten millions digit of 94554216?
9
What is the ten thousands digit of 8701788965?
8
What is the ten thousands digit of 134423050?
2
What is the ten millions digit of 147393050?
4
What is the tens digit of 11430539?
3
What is the units digit of 20025652?
2
What is the thousands digit of 1841294005?
4
What is the thousands digit of 1344179023?
9
What is the tens digit of 127252338?
3
What is the ten millions digit of 53498412?
5
What is the millions digit of 2394924665?
4
What is the ten millions digit of 97638796?
9
What is the thousands digit of 140654463?
4
What is the hundred millions digit of 162209080?
1
What is the millions digit of 102423389?
2
What is the thousands digit of 87666150?
6
What is the ten millions digit of 315499795?
1
What is the ten thousands digit of 101527047?
2
What is the tens digit of 250013917?
1
What is the thousands digit of 698338180?
8
What is the ten thousands digit of 122996523?
9
What is the thousands digit of 15157521?
7
What is the hundred thousands digit of 4733165?
7
What is the ten thousands digit of 66509988?
0
What is 